 be (-1 + 2)/v*-17. Calculate the greatest common factor of i and p.
17
Let p = 35 - 38. Let r be p/((32/12)/(-8)). What is the greatest common divisor of 9 and r?
9
Suppose 5*y = 2*f + 1066, -22*y - 3*f + 839 = -18*y. What is the greatest common divisor of y and 159?
53
Let a = 76 - 46. Let n be ((-45)/a)/((-6)/32). Calculate the greatest common divisor of 8 and n.
8
Let w = -10 - -17. Suppose 1165 = 5*l + 2*r - w*r, 5*l = -5*r + 1135. Calculate the greatest common divisor of 23 and l.
23
Suppose -31*c - 1766 = -10694. Calculate the greatest common factor of c and 64.
32
Let q be (-1)/(14/(-14))*2*10. Suppose j - 5*h = 275, 0*h + 1052 = 4*j - 4*h. Calculate the highest common factor of q and j.
20
Suppose -5*y - y + 6 = 0. Let o(k) = -2*k**2 + 4*k - 1. Let w be o(y). Suppose -1 = -2*m + 21. What is the highest common divisor of w and m?
1
Suppose -34 = -2*s - k + 7, -2 = 2*k. Let n be 26 - -1 - (-1)/1. What is the highest common factor of s and n?
7
Suppose 0 = 11*k - 4*k - 12901. Calculate the highest common factor of 97 and k.
97
Let t be 144/15 + (-30)/(-75). What is the greatest common factor of 70 and t?
10
Let u = 3 + -3. Suppose 10 = -2*l - 2*w + 4*w, -3*w = -4*l - 16. Let o be l*2 - (-3 - u). Calculate the greatest common divisor of 3 and o.
1
Let v = 67 + -39. Let p = v + -10. Let w(r) = r**3 - 10*r**2 - 5*r + 24. Let o be w(11). What is the highest common divisor of p and o?
18
Suppose 6*g + 8 = 4*g. Let z be -6*(2 + 26/g). Let d = -16 + z. Calculate the highest common divisor of d and 1.
1
Let o be ((-98)/(-21))/((-1)/3). Let k = -11 - o. Suppose -i = -k*i + 30. What is the greatest common factor of 15 and i?
15
Suppose 41*t - 86*t + 45 = 0. Calculate the greatest common factor of t and 24.
1
Suppose 11*x + 51 = 28*x. Suppose 3*a - 273 = x*u, -u = -3*a + u + 278. Calculate the highest common divisor of 24 and a.
24
Suppose 593 + 5347 = 135*i. Suppose -5 = 3*w + 4*u + 1, -5*u = -2*w + 19. Let c = 64 + w. Calculate the highest common factor of i and c.
22
Let g(d) = -d**2 + 45*d - 8. Let r be g(12). Calculate the highest common divisor of 4 and r.
4
Let s(g) = -14*g - 5. Let k be s(-2). Let w = k + -12. Let q be (-4)/((-65)/(-22) - 3). Calculate the highest common divisor of q and w.
11
Let s = -302 + 335. Calculate the greatest common factor of 77 and s.
11
Let b(v) = -8*v - 7. Let k be b(7). Let h be (-3)/9*(9 + k). Calculate the greatest common factor of h and 45.
9
Let y = -36 + 63. What is the greatest common divisor of y and 216?
27
Let y be 120*(-11)/((-33)/3). Let u be 1 + 40 + (-1)/1. What is the highest common factor of y and u?
40
Let s(d) = d + 9. Let n be 51/18 - (-1)/6. Suppose -3*z - 24 = 2*q, n*q + 0*z - 2*z + 10 = 0. Let m be s(q). Calculate the highest common factor of m and 6.
3
Suppose 2 - 14 = -4*w. Let s be (-1)/3*(w - 3). Suppose 4*f + 16 = s, f - 114 = -b + 5*f. Calculate the greatest common divisor of 14 and b.
14
Suppose -9*q + 5*q + 202 = -2*u, -5*u = -2*q + 121. What is the greatest common divisor of q and 240?
48
Let v(h) = h**2 - 4*h + 21. Let a be v(4). Calculate the greatest common divisor of 3 and a.
3
Suppose 30 = 5*y - b, 3*b + 26 = 3*y + 4*b. Let o(s) = 11 + s**2 - 2*s**2 + 4*s - y*s - 9*s. Let h be o(-12). Calculate the greatest common factor of 99 and h.
11
Let o be (-39)/52 + (-30)/(-8). Let r = o - 1. Let u be ((-22)/5)/(r/(-50)). What is the greatest common factor of u and 10?
10
Let j = -601 - -637. Suppose 2*v - 31 + 7 = 0. Calculate the greatest common factor of j and v.
12
Let z(o) = o**2 + o + 6. Let b be z(0). Let f be (68 - 63)*4/5. What is the highest common factor of f and b?
2
Let o(j) = -100*j - 625. Let v be o(-7). Calculate the highest common divisor of v and 165.
15
Let s = 715 + -670. Calculate the greatest common divisor of s and 390.
15
Let l = 13 - -15. Suppose -124 = -4*g - l. Suppose -s + 134 = 5*j, -3*s - g - 33 = -2*j. Calculate the highest common factor of j and 3.
3
Let a(b) be the first derivative of -b**4/4 - 2*b**3/3 + 7*b**2/2 - 9*b + 1. Let u be a(-7). What is the highest common divisor of 17 and u?
17
Let i(r) = 5*r - 13. Let a be i(7). Suppose 259 = -4*g - 81. Let w = -30 - g. Calculate the highest common factor of a and w.
11
Let q(f) = 25*f - 1. Let z be q(1). Let m(u) = 15*u**2 + 3*u - 2. Let j be m(1). What is the greatest common divisor of j and z?
8
Suppose 8*p - 90 = 6*p. Suppose -p*a + 360 = -42*a. Calculate the highest common factor of a and 30.
30
Suppose 0 = 4*d - 5*f - 381, -5*f - 193 = -2*d - 0*f. Calculate the greatest common factor of 47 and d.
47
Suppose -9 = -5*b + 6. Suppose -6*d + 2*d - 64 = -5*s, -60 = -3*s - b*d. Let f = 13 + -11. What is the greatest common divisor of f and s?
2
Let v = 0 + 1. Let z(h) = 64*h - 1. Let p be z(v). Let g = 2206 + -2199. What is the highest common factor of p and g?
7
Suppose -4*z + 40 = 2*p, -z + 6*z + 93 = 4*p. Suppose 78 = -p*g + 24*g. What is the highest common factor of 156 and g?
39
Let v(i) be the first derivative of -i**3/3 - 8*i**2 - 6*i + 13. Let n be v(-15). Suppose -d - 2*d + 297 = 0. What is the highest common divisor of n and d?
9
Suppose 4*h = -2*q + 68, -142 = -3*q - 3*h + 5*h. Suppose -16*c + 99 = -1661. What is the highest common factor of c and q?
22
Suppose -13*y = -16*y + 18. Let u(g) = -g**3 + 8*g**2 + 2*g - 14. Let z be u(y). Let n = z + -41. Calculate the highest common divisor of n and 261.
29
Suppose 0*w - 5*a = -w + 15, 23 = 5*w + a. Calculate the greatest common factor of 50 and w.
5
Let x(j) = -j**3 + 6*j**2 + 7*j + 19. Let s be x(8). Let g = s + 101. What is the greatest common divisor of g and 16?
16
Let a be (-6760)/(-25) + 4*3/(-30). Suppose -a = 69*b - 71*b. Calculate the highest common factor of b and 45.
45
Let s(d) = -3*d**3 + 57*d**2 + 4*d - 36. Let f be s(19). Calculate the greatest common divisor of 136 and f.
8
Suppose 12*j - 72 = 6*j. Let s = -3 - 341. Let c be -1 + -1 - s/4. Calculate the highest common factor of j and c.
12
Let h = 19 - 14. Suppose z - 83 = -5*o, -o + 1 + 0 = -h*z. What is the greatest common factor of o and 2?
2
Suppose -x - 2*x + 63 = 0. Suppose 0 = -5*o + 5, -290 = -4*h + 2*h + 4*o. What is the highest common divisor of x and h?
21
Suppose 0 = -s + i - 6*i + 4, -i - 4 = 0. Suppose -2*v - 33 + 49 = 0. Calculate the highest common factor of s and v.
8
Let v be 6/(-16) + (-9060)/(-96). What is the highest common factor of 611 and v?
47
Let a(c) = -c**2 + 14*c + 27. Let y be a(22). Let z = 54 - y. Calculate the greatest common divisor of z and 29.
29
Suppose -n = -13 - 0. Let s(z) = 3*z - 5. Let h(o) = o - 1. Let b(d) = 9*h(d) - 2*s(d). Let u be b(4). What is the greatest common divisor of u and n?
13
Suppose -s - 3*t = -9, -5*s + 2*t = 7*t - 65. Let q be (s/(-10))/(6/(-160)). Suppose 0 = 8*v - v - 700. Calculate the greatest common factor of v and q.
20
Let h be 4/6 + (-4 - 10/(-3)). Suppose h = 5*b - 90 + 25. What is the highest common divisor of b and 26?
13
Let c(r) = r**2 + r - 8. Let l be c(0). Let f be 0*(-4)/l + (54 - 4). What is the highest common divisor of f and 250?
50
Let q(w) = -w**3 + 14*w**2 - 9*w - 32. Let y be q(13). Let t = 14 - -46. Suppose 3*n - t = n. What is the highest common divisor of y and n?
10
Let h be -7*(-10 - (-486)/63). Suppose 3*a - 4 = 2*a. What is the highest common divisor of h and a?
4
Let q(h) = -h**3 + 7*h**2 + 7*h. Let g be q(8). Let t = g - -11. What is the greatest common factor of 1 and t?
1
Let n be -2 - (3 - 2 - 3). Let g be 2 + -3*((-61)/3 + n). What is the highest common divisor of g and 7?
7
Suppose 1325 = b - 3*w, -4*w - 27 + 11 = 0. What is the greatest common divisor of b and 202?
101
Let n(a) = 5*a**2 + 17*a + 13 - 25 - 3*a**3 + 2*a**3. Let s be n(7). What is the highest common divisor of 99 and s?
9
Let j be (-1416)/(-30) + (-1)/5. Calculate the greatest common factor of 1175 and j.
47
Let t = 131 + -113. Suppose 0 = t*k - 8*k - 460. Calculate the highest common factor of 138 and k.
46
Let q(y) be the first derivative of 1/3*y**3 + 3*y - 6 - 1/4*y**4 + 3/2*y**2. Let j be q(-2). What is the greatest common factor of j and 27?
9
Let x = 71 - 27. Suppose 1557*p - 22 = 1555*p. What is the highest common factor of p and x?
11
Let x = -2035 + 2134. Calculate the greatest common divisor of x and 176.
1